ue
Let t = 2648 - 2009. Is t a multiple of 71?
True
Let s = -939 - -1461. Does 29 divide s?
True
Suppose 0 = 2*w - 2*o - 24, 2*w + 4*o - 47 + 11 = 0. Suppose -3*x + 12 = 0, b + 3*b - 3*x - 36 = 0. Is 15 a factor of b - w - (-77 + 0)?
True
Let b(i) = -2*i**3 - 2*i**2 - 3. Suppose -4*t = -7*t + 24. Let x = 5 - t. Does 23 divide b(x)?
False
Let w(o) = 20*o**2 - 4*o - 8. Let r be w(4). Let a = -441 + r. Is 8 a factor of a/(-4) - 3/12?
False
Let q(m) be the second derivative of -m**4/12 + m**3/2 + 11*m**2/2 - 4*m. Let c be q(8). Let p = c - -65. Is 10 a factor of p?
False
Suppose -4*f = -6 - 6. Suppose u + 2*t + 0*t = 71, -f*u - 4*t = -215. Does 8 divide u?
False
Let v(f) = -f**2 - 3*f + 3. Let r be v(-2). Suppose -p + 59 = 5*c, 3*c = -r*p + 8*c + 265. Is 18 a factor of p?
True
Let w = -17 + 111. Does 27 divide w?
False
Let b = 286 + 458. Is 31 a factor of b?
True
Let q be 0/((-1)/(-1) - -2). Suppose -z = 3*l - 108, -2*z + q*z = 6. Does 13 divide l?
False
Let v = -15 - 66. Does 23 divide v/(-6)*(-80)/(-15)?
False
Let f(m) = -2*m**3 + 48*m**2 + 13*m - 18. Is f(24) a multiple of 14?
True
Let a be 0/(2 - (0 + 0)). Suppose -p + j + 148 = a, 102 + 190 = 2*p + 2*j. Does 21 divide p?
True
Let u = 436 - 198. Does 69 divide u?
False
Does 26 divide 18/(-21) - (-128640)/140?
False
Let x(l) be the second derivative of l**4/2 + l**3/2 + l**2/2 + 4*l. Suppose -3*h - 3 = 0, -2*n - 5*h = -6*n - 3. Is 12 a factor of x(n)?
False
Suppose -4*i - 5*y = -32, 2*i - y + 0*y - 2 = 0. Suppose 97 = -c + l, 3*c + i*l = -l - 270. Is ((-3)/(-2) + -2)*c a multiple of 14?
False
Does 4 divide ((-747)/415)/(3/(-65))?
False
Let c(p) = 12*p**3 - 3*p**2 - 8*p + 4. Does 26 divide c(3)?
False
Let h = 459 + -147. Is h a multiple of 12?
True
Let k(q) = -11*q**3 + 27*q**2 + 5*q + 20. Let u(p) = 5*p**3 - 13*p**2 - 2*p - 10. Let n(o) = 4*k(o) + 9*u(o). Let y be n(9). Is 24 a factor of (4/y - 3)*-26?
False
Suppose -6*q = -14*q + 24. Suppose 5*h = 2*r + 10, 0 = -6*h + 3*h + 3*r + 6. Suppose f + q*f - 21 = 3*d, 0 = 5*f + h*d - 9. Is 2 a factor of f?
False
Let o(y) = 351*y**3 - 8*y**2 + 9*y - 2. Does 5 divide o(1)?
True
Suppose -692 = 11*a - 15*a. Let y = a - -65. Is y a multiple of 12?
False
Suppose 752 = 5*c + 3*a - 26, 2*a - 782 = -5*c. Let w = c + -27. Is 28 a factor of w?
False
Let q be 4 - (66 + 0 + -3). Let o = -3 - q. Does 4 divide (o/20)/(3/15)?
False
Let q(l) = l**3 + 6*l**2 + 14*l - 10. Let k(g) = -2*g**3 - 6*g**2 - 15*g + 11. Let z(r) = 2*k(r) + 3*q(r). Let u be z(8). Is 15 a factor of (-24)/u - 294/(-10)?
True
Suppose 9*o - 3*t = 10*o - 235, -5*o = -5*t - 1275. Is 25 a factor of o?
True
Suppose -41 - 17 = -2*v. Let i = v - -34. Suppose 3*c + 0*c = i. Is c a multiple of 18?
False
Suppose -g + 22 = -3*z, 2*z - 3*z = 0. Let q = g + -20. Suppose 0*w - 2*w + u = -54, 8 = -q*u. Is 15 a factor of w?
False
Let l(v) = v**3 + 3*v**2 - 4*v. Let h be l(-4). Suppose -6*r + 1314 - 414 = h. Is r a multiple of 15?
True
Let u = 22 - 8. Suppose 2*g - g - u = 0. Is 3 a factor of g?
False
Let d(s) = -5*s**2 + 10*s + 16. Let z(g) = -g**2 - g + 1. Let b(u) = -d(u) - 3*z(u). Is 12 a factor of b(-5)?
True
Let k(d) = -5*d + 289. Does 17 divide k(0)?
True
Suppose -2*t + 18 = -3*h, 2*t - 4*t - 5*h = -2. Suppose -t*u = -7 + 313. Let s = -18 - u. Does 6 divide s?
False
Let c be ((-104)/24 - -4)*0/(-2). Suppose c = p - 5*p - 4, 0 = 5*o - 5*p - 245. Is 6 a factor of o?
True
Let h(v) = -v**2 + 6*v + 6. Suppose 0 = -5*s + 5*o + 19 + 26, s - 1 = -o. Let u be h(s). Let y(c) = 6*c + 3. Is 23 a factor of y(u)?
True
Let p(l) = -2*l**3 - 2*l**2 - l + 8. Let q be p(4). Let k = 221 + q. Does 20 divide k?
False
Let j = 1066 - 976. Is j a multiple of 18?
True
Let p be 3/(12/(-16)) - 3. Is (-1 - p)*1/(2/12) a multiple of 9?
True
Let u be 0/(-3) + 171*1. Let a(f) = f**2 - 11*f + 25. Let k be a(11). Suppose 4*j - k = u. Is j a multiple of 10?
False
Let r(n) = -n**2 - 25*n - 43. Let g be r(-13). Does 15 divide 5/(-25) - 4*g/(-10)?
True
Let n = 9196 + -4717. Does 16 divide n?
False
Suppose 0 = 43*h - 26139 - 22924. Does 11 divide h?
False
Let a be ((-1242)/(-45))/((-1)/(-10)). Suppose 0*b + 3*b = a. Suppose 5*z = 2*s + b, -37 = -4*z - 3*s + 55. Is 10 a factor of z?
True
Suppose s - 2*s = -28. Let l = s - -87. Is 12 a factor of l?
False
Let p = 29 - 31. Does 15 divide ((-4 - p) + 1)/(1/(-30))?
True
Suppose t + 5*f - 108 = -42, 3*f = -15. Suppose 4*k - 439 = -t. Suppose -k = -y - 2*y. Is 15 a factor of y?
False
Let o(b) = b - 1. Let f be o(-3). Let d(g) = -2*g + 8. Is d(f) a multiple of 6?
False
Suppose -3*x - 5*p + 3*p = 36, -x = 3*p + 19. Let i = x - -20. Is i a multiple of 2?
True
Let n be (-2)/(-1) + (0 - (56 + 0)). Let z = n + 73. Is z even?
False
Suppose -2*q + 6 = 2*w, -3*q = -q + 10. Suppose -3*i + w = -1. Suppose 2*c + 24 = i*c. Is c a multiple of 12?
True
Let a(f) = f**3 - 16*f**2 + 12*f - 136. Does 51 divide a(17)?
True
Does 66 divide ((-132)/(2 - 1))/((-6)/33)?
True
Let c(t) = t + 1. Let a be c(3). Suppose l - a*b + 29 = -0*b, -2*b = 4*l + 44. Let r = -6 - l. Is 7 a factor of r?
True
Let n(x) = 2*x**2 + x - 37. Does 9 divide n(-7)?
True
Is 22 a factor of -4*33*(-9)/(45/10)?
True
Suppose -3*x - 16 = -7*x. Suppose -2*m + 3*c = m + 168, -x*m - 230 = 2*c. Let j = 81 + m. Is 8 a factor of j?
True
Let w be (-5)/(-10) - 1/2. Suppose w = -4*z + 2 - 14. Let o = 18 + z. Is 15 a factor of o?
True
Suppose -7 - 48 = -w. Suppose 3*o - 71 - w = 0. Is 7 a factor of o?
True
Is 2/34*71755 + 14/119 a multiple of 95?
False
Suppose 3*z + 33 = 5*n, z + 0*z + 4*n - 6 = 0. Does 18 divide (z/2)/(21/(-749))?
False
Let r(q) = 2*q**2 - 15*q - 68. Does 16 divide r(-8)?
False
Let r(m) = 0*m - 9*m + 7*m - 54*m + 4. Let u be r(-7). Is 26 a factor of u/15 + 4/(-10)?
True
Let a = 3 + 0. Suppose -a - 1 = g. Is (-1)/((-2)/(-3))*g a multiple of 3?
True
Let k be (-2697)/(-18) + (-6)/(-36). Let s be k*(2 - 16/12). Suppose 0*g - 2*g = -s. Does 12 divide g?
False
Suppose 3*c = -3*x + 6, 4*c + 107 - 129 = 3*x. Does 3 divide c?
False
Let n(z) = -z**3 + 10*z**2 + 9*z - 20. Suppose -3*d + s + 20 = 0, 16 = 5*d - 2*s - 16. Is n(d) a multiple of 12?
True
Let z(w) = -13*w - 21. Let j(b) be the second derivative of -2*b**3 - 21*b**2/2 + 3*b. Let f(n) = 5*j(n) - 4*z(n). Does 16 divide f(-9)?
False
Let c(l) = -3*l**3 + l**2 - 9*l + 2. Let x(m) = -m**3 + m**2 - 4*m + 1. Let a(i) = 3*c(i) - 7*x(i). Is a(-3) a multiple of 7?
True
Let s be (-2)/(-2) - (0 + -4). Suppose -3*v + t = -4*v - 4, 0 = 4*v - s*t - 29. Does 14 divide 0 + v - (-10 - 3)?
True
Let d(z) = -z + 6. Let w be d(-8). Let i = 85 + w. Does 9 divide i?
True
Suppose -c - j = -2*j, c + 5*j - 12 = 0. Is c/7 + (-13962)/(-182) a multiple of 31?
False
Let s be 2/(-3) - 28/(-6). Let o(g) = -151*g - 1. Let y be o(-1). Suppose 5*x - y = s*l - 443, -4*x = 4*l - 248. Is l a multiple of 18?
False
Suppose 4*n + a - 4911 = 6*a, -2*n = 3*a - 2483. Does 12 divide n?
False
Let i(l) = -574*l + 5. Is 57 a factor of i(-1)?
False
Suppose 17*g - 1820 = -3*g. Does 13 divide g?
True
Let t = 1 + -1. Let m be ((-21)/3 - -4)*(0 + -1). Suppose 102 = 3*v + 3*g, -4*v + 4*g + 155 - m = t. Is 10 a factor of v?
False
Let n(y) = -11*y**2 - 8*y + 15. Let r = 2 - -7. Let f(l) = 5*l**2 + 4*l - 7. Let v(g) = r*f(g) + 4*n(g). Is 2 a factor of v(-5)?
True
Let s(j) = 176*j + 13. Does 15 divide s(7)?
True
Let j(k) be the first derivative of -33*k**2/2 - 24*k + 11. Is 38 a factor of j(-5)?
False
Let a(j) = -2*j - 4 - j**2 + 3*j + 3*j**2. Let q be a(-3). Suppose -2*i - q = -57. Is i a multiple of 23?
True
Suppose -3*b - 4*l = 329, -4*b - 3*l - 282 - 159 = 0. Let n = b - -217. Is n a multiple of 53?
True
Let w be 382/(-4)*20/10. Let l = 331 + w. Is 20 a factor of l?
True
Suppose -5*o - w = 3*w - 1127, 1139 = 5*o - 2*w. Let l = o + -151. Does 19 divide l?
True
Let a be 4 + 4 + 2 + -4. Let g be a/4*(-112)/(-24). Suppose -g - 23 = -5*n. Is 3 a factor of n?
True
Let d(x) = 2*x - 9. Let v be d(7). Let f(n) = -4 + 3*n + v*n - n - 4*n. Is f(4) even?
True
Let o(q) = 25*q + 5. Is 60 a factor of o(19)?
True
Let p(s) = s - 1. Let b(l) = 6. Let h(y) = b(y) + 6*p(y). Let i be h(1). Suppose -f + 16 = 2*x, 2*f - i = -f. Is x even?
False
Suppose 4*n - 1677 = n - 2*q, -4*n = 5*q - 2229. Is n a multiple of 22?
False
Let t(i) = i**3 - 1. Let g(d) = 5*d**3 + 5*d**2 - d - 